{"id":8,"date":"2009-11-04T21:37:17","date_gmt":"2009-11-04T20:37:17","guid":{"rendered":"https:\/\/www.nordnordost.se\/?page_id=8"},"modified":"2017-12-05T08:50:16","modified_gmt":"2017-12-05T07:50:16","slug":"kontakt","status":"publish","type":"page","link":"https:\/\/www.nordnordost.se\/?page_id=8","title":{"rendered":"Kontakt"},"content":{"rendered":"<p>Vill du komma i kontakt med Nordnordost?<br \/>\nDu n\u00e5r oss sm\u00e4rtfritt via mail:<\/p>\n<p>info@nordnordost.se<\/p>\n<p>Nordnordosts podcast har en grupp p\u00e5 Facebook:<\/p>\n<p><a href=\"https:\/\/www.facebook.com\/groups\/1927588330901857\/\">Nordnordostgruppen p\u00e5 Facebook<\/a><\/p>\n<p>&nbsp;<\/p>\n<p>&nbsp;<\/p>\n","protected":false},"excerpt":{"rendered":"<p>Vill du komma i kontakt med Nordnordost? Du n\u00e5r oss sm\u00e4rtfritt via mail: info@nordnordost.se Nordnordosts podcast har en grupp p\u00e5 Facebook: Nordnordostgruppen p\u00e5 Facebook &nbsp; &nbsp;<\/p>\n","protected":false},"author":1,"featured_media":0,"parent":0,"menu_order":7,"comment_status":"closed","ping_status":"closed","template":"","meta":[],"_links":{"self":[{"href":"https:\/\/www.nordnordost.se\/index.php?rest_route=\/wp\/v2\/pages\/8"}],"collection":[{"href":"https:\/\/www.nordnordost.se\/index.php?rest_route=\/wp\/v2\/pages"}],"about":[{"href":"https:\/\/www.nordnordost.se\/index.php?rest_route=\/wp\/v2\/types\/page"}],"author":[{"embeddable":true,"href":"https:\/\/www.nordnordost.se\/index.php?rest_route=\/wp\/v2\/users\/1"}],"replies":[{"embeddable":true,"href":"https:\/\/www.nordnordost.se\/index.php?rest_route=%2Fwp%2Fv2%2Fcomments&post=8"}],"version-history":[{"count":12,"href":"https:\/\/www.nordnordost.se\/index.php?rest_route=\/wp\/v2\/pages\/8\/revisions"}],"predecessor-version":[{"id":979,"href":"https:\/\/www.nordnordost.se\/index.php?rest_route=\/wp\/v2\/pages\/8\/revisions\/979"}],"wp:attachment":[{"href":"https:\/\/www.nordnordost.se\/index.php?rest_route=%2Fwp%2Fv2%2Fmedia&parent=8"}],"curies":[{"name":"wp","href":"https:\/\/api.w.org\/{rel}","templated":true}]}}